 divisor of 944024424 and 19152.
3192
Calculate the highest common factor of 164598543 and 9.
9
Calculate the highest common factor of 602 and 4456844.
14
Calculate the highest common divisor of 1781 and 776295.
13
Calculate the highest common divisor of 45818 and 13826.
62
Calculate the highest common factor of 62162217 and 1071.
153
What is the highest common factor of 15517606 and 52?
26
Calculate the highest common divisor of 36555 and 12058276.
2437
What is the greatest common divisor of 22 and 45907499?
11
What is the greatest common factor of 141 and 1206537?
141
Calculate the greatest common factor of 124277202 and 7.
7
Calculate the highest common divisor of 386032374 and 1638.
1638
Calculate the greatest common divisor of 1732766799 and 3027.
3027
What is the highest common divisor of 13290967 and 23?
1
What is the highest common factor of 2460 and 589020?
60
What is the greatest common divisor of 2543100 and 1617?
147
Calculate the greatest common divisor of 51 and 151255987.
17
What is the highest common factor of 92820638 and 328?
82
What is the highest common factor of 22854829 and 497?
71
Calculate the greatest common divisor of 46134 and 1234434.
1398
Calculate the highest common factor of 4634004 and 11532.
372
Calculate the greatest common divisor of 504467 and 1687753.
641
Calculate the greatest common divisor of 25984 and 231536.
464
Calculate the greatest common divisor of 857884 and 314224.
164
What is the highest common factor of 84 and 1376383638?
42
What is the greatest common factor of 2880882 and 432?
18
Calculate the greatest common factor of 682 and 1255298.
22
Calculate the highest common factor of 2 and 72922858.
2
What is the greatest common divisor of 17 and 1060603803?
17
What is the greatest common divisor of 22858825 and 55?
55
What is the highest common divisor of 17311515 and 2535?
2535
Calculate the highest common divisor of 27669294 and 72.
18
Calculate the highest common divisor of 72373730 and 22256.
2782
Calculate the highest common divisor of 6520 and 20444764.
652
Calculate the highest common factor of 171107586 and 41535.
8307
What is the greatest common factor of 13937 and 3077?
181
Calculate the greatest common divisor of 1791 and 78610572.
1791
Calculate the highest common divisor of 3086324 and 3266.
46
What is the highest common factor of 1620 and 10487780?
20
Calculate the greatest common divisor of 4536 and 547225308.
2268
Calculate the highest common divisor of 52 and 5380817.
13
What is the greatest common divisor of 237169866 and 18?
6
What is the greatest common divisor of 1079 and 220675?
13
Calculate the highest common divisor of 29425290 and 41.
41
Calculate the highest common factor of 92129 and 479987.
509
Calculate the highest common factor of 15337746 and 1674.
558
Calculate the greatest common divisor of 38590 and 188258.
34
What is the greatest common factor of 90963294 and 272?
34
What is the greatest common divisor of 5187 and 70744011?
741
What is the greatest common divisor of 1869906 and 18019?
37
Calculate the highest common divisor of 2829 and 24978184.
943
What is the highest common divisor of 160350120 and 1182?
1182
What is the highest common factor of 2405 and 68965?
65
What is the highest common factor of 2136 and 104273112?
2136
What is the highest common divisor of 90774 and 25578?
18
What is the highest common factor of 71927075 and 385?
55
Calculate the highest common divisor of 10968 and 1078458762.
2742
Calculate the greatest common divisor of 5651 and 1849973521.
5651
Calculate the greatest common divisor of 151057713 and 543.
543
What is the highest common factor of 3 and 2114595?
3
Calculate the greatest common divisor of 1324 and 43642019.
331
Calculate the highest common factor of 990645 and 1252.
313
Calculate the highest common divisor of 165369 and 18271185.
597
Calculate the greatest common divisor of 498385183 and 298.
149
Calculate the greatest common factor of 1223540 and 6026.
262
Calculate the greatest common factor of 1430 and 21433555.
715
Calculate the greatest common factor of 247 and 124046041.
19
What is the greatest common divisor of 38741782 and 404?
202
What is the greatest common factor of 3756471 and 164433?
177
What is the greatest common divisor of 7738026 and 321?
321
What is the highest common divisor of 616 and 1392272?
56
Calculate the greatest common factor of 305604267 and 6.
3
Calculate the greatest common factor of 6729754 and 874.
46
Calculate the highest common divisor of 19372 and 679760.
116
Calculate the highest common factor of 4005329 and 9071.
193
What is the highest common divisor of 14 and 461049302?
14
What is the greatest common divisor of 2180895 and 2514?
1257
Calculate the highest common factor of 496 and 15760.
16
Calculate the highest common factor of 16 and 44008342.
2
Calculate the greatest common divisor of 206095 and 95645.
235
Calculate the highest common factor of 4789383 and 645.
129
What is the greatest common divisor of 1282125 and 1500?
375
Calculate the greatest common divisor of 1336660 and 572.
52
What is the highest common factor of 131406375 and 21375?
7125
Calculate the greatest common divisor of 15151123 and 299.
13
What is the greatest common divisor of 582400 and 143?
13
What is the greatest common divisor of 10 and 591404540?
10
Calculate the greatest common divisor of 29306272 and 331168.
4192
Calculate the highest common factor of 9631717 and 2989.
61
Calculate the greatest common factor of 1986 and 2122941651.
993
What is the highest common factor of 247030 and 13?
1
What is the highest common divisor of 7515 and 1113849?
9
Calculate the highest common divisor of 63 and 41501241.
9
Calculate the greatest common divisor of 4312375 and 225.
25
What is the highest common factor of 7240800 and 1050?
1050
Calculate the greatest common factor of 538952 and 8.
8
Calculate the greatest common divisor of 910 and 120075550.
70
Calculate the highest common factor of 6549 and 29415.
111
What is the greatest common factor of 95 and 77880829?
19
Calculate the greatest common divisor of 854 and 14854966.
14
What is the greatest common divisor of 1065 and 739783435?
355
What is the highest common divisor of 18409 and 746651?
41
Calculate the greatest common factor of 31 and 729204661.
31
Calculate the greatest common factor of 87924 and 24412.
68
Calculate the greatest common factor of 5104008 and 47502.
1638
What is the greatest common divisor of 45 and 24666885?
45
What is the greatest common factor of 878475 and 7956?
663
Calculate the highest common divisor of 885381 and 23275.
931
What is the greatest common factor of 4782331 and 989?
43
Calculate the highest common factor of 42802710 and 74.
74
What is the greatest common factor of 16875 and 23840?
5
What is the highest common divisor of 25245 and 311916?
561
Calculate the highest common divisor of 224895 and 2685.
15
Calculate the greatest common divisor of 109410800 and 200.
200
What is the greatest common factor of 271512 and 2441094?
2514
What is the highest common divisor of 570 and 10215390?
30
Calculate the highest common factor of 134 and 10904118.
2
Calculate the highest common divisor of 512098375 and 25.
25
Calculate the greatest common divisor of 20106650 and 30.
10
Calculate the highest common factor of 2715 and 39030.
15
What is the greatest common factor of 1886149216 and 331?
331
What is the greatest common factor of 1101012 and 1153692?
5268
Calculate the highest common factor of 12135530 and 55.
55
What is the highest common divisor of 4214 and 32620574?
4214
Calculate the greatest common divisor of 5123142 and 108.
54
Calculate the highest common factor of 64 and 5930734.
2
What is the greatest common factor of 13783 and 711704?
1253
Calculate the highest common factor of 46 and 19970808.
46
Calculate the greatest common factor of 264069117 and 117.
117
What is the greatest common divisor of 16430 and 1115473775?
8215
Calculate the highest common divisor of 688 and 109352.
8
What is the greatest common divisor of 312420 and 1645285?
635
What is the highest common factor of 58095494 and 5372?
2686
What is the highest common divisor of 1034730 and 6660?
90
What is the highest common divisor of 11385 and 440?
55
What is the hi